remainder when j is divided by 4 + ((-8)/2)/2?
1
Suppose 0 = 3*y - 3*p - 42, 0*y + 5*y - 70 = -p. Suppose -130 = 3*x - 8*x. Calculate the remainder when x is divided by y.
12
Let k(q) = q**2 - 2*q + 5. Let d be k(5). Suppose -y = -5*y + d. Let a(x) = x**3 - 5*x**2 + 5*x - 6. Calculate the remainder when a(y) is divided by 7.
5
Let a(p) = p**3 + 23*p**2 + 21*p - 15. Let h = 5 - 2. What is the remainder when a(-22) is divided by h?
1
Let p be 0 + -1 + (2 - 0). Let v be 5 + 2*p/(-2). Suppose 2*m - v*m = -10. Calculate the remainder when 9 is divided by m.
4
Let f(z) = 4*z. Let k be f(4). Suppose b - k = -b. Suppose -3*x + 4*x = b. What is the remainder when x is divided by 3?
2
Suppose -q = 2*q - 309. Calculate the remainder when q is divided by 36.
31
Let s = 87 + -61. Suppose 153 = -0*b + 3*b. Calculate the remainder when b is divided by s.
25
Let o = 121 - 105. Calculate the remainder when 47 is divided by o.
15
Calculate the remainder when (-1 - 0)*3*-13 is divided by 7.
4
Let y be (8 + -2)/(-1 + 2). Suppose s = y*s. Suppose -5*x + x + 28 = s. Calculate the remainder when 19 is divided by x.
5
Let q be (-10)/(-55) - (-488)/(-22). Let h = -15 - q. What is the remainder when h is divided by 3?
1
Suppose 5*j - 5*n = 375, 6*j - 3*j + 2*n = 220. Calculate the remainder when j is divided by 26.
22
Suppose 5*q + 4*b - 13 - 17 = 0, 4*q + 5*b - 33 = 0. What is the remainder when 16 is divided by q?
0
Let v(q) = 4*q - 3*q**2 + 0 + 5*q**2 - 1 - 5. What is the remainder when v(-5) is divided by (2/((-2)/13))/(-1)?
11
Suppose c = 3*u - 88, -3*u + 113 = -4*c + 13. What is the remainder when u is divided by 10?
8
Suppose -3*h - 2*v = -4*v - 6, -h - 5 = -3*v. Suppose h*u = -u + 45. Suppose -2*l = 3 - u. Calculate the remainder when 5 is divided by l.
2
Suppose 0 = -20*j + 65*j - 2160. What is the remainder when j is divided by 3*9 - 2*1?
23
Let w = -22 - -32. What is the remainder when w is divided by 7?
3
Suppose -j - 87 = 3*g - 274, 163 = 3*g - 5*j. What is the remainder when g is divided by 32?
29
Let p = 78 - 52. Suppose -5*r + 366 = d - 141, 0 = 4*r + 4*d - 396. Calculate the remainder when r is divided by p.
24
Let i = 78 + -54. What is the remainder when i is divided by (2 - 1) + (-8)/(-1)?
6
Suppose -5*x - 4*x + 153 = 0. Calculate the remainder when (-710)/(-15) - 2/(-3) is divided by x.
14
Suppose p - 52 = 58. Calculate the remainder when p is divided by 38.
34
Suppose g + 4*y = -0*g + 14, -28 = -2*g + y. What is the remainder when g is divided by 5?
4
What is the remainder when 2 is divided by (-6 - -1)*10/(-25)?
0
Let m(j) = -j**2 + 23*j + 40. What is the remainder when m(24) is divided by 3?
1
Let h be 3/(-5) + 3765/25. What is the remainder when ((-8)/6)/((-4)/h) is divided by 14?
8
Let c be -3 - 1/(2/(-14)). Suppose -u + 420 = 4*n, -3*u - 6 = 2*n - 216. Suppose -o = c*o - n. Calculate the remainder when o is divided by 12.
9
Let b be ((-81)/15)/((-1)/5). Let h = -6 + b. What is the remainder when 82 is divided by h?
19
Suppose 11*b - 12*b = -24. Calculate the remainder when 167 is divided by b.
23
Let g(s) = -s**3 - 6*s**2 - 8*s - 6. Let v = 8 - 13. What is the remainder when 25 is divided by g(v)?
7
Let i(t) = -t**3 + 18*t**2 - 6*t + 122. Suppose 125 = 2*d + 3*d. What is the remainder when d is divided by i(18)?
11
Let i be ((-2)/(2/(-3)))/1. Suppose 3*x = -i + 12. Suppose x*y - 12 = -v + 2*y, 0 = -4*v + y + 63. Calculate the remainder when v is divided by 8.
7
Let n(y) = -y**3 + 10*y**2 + 2*y - 7. Let l be n(10). Suppose l = 3*a - 158. Calculate the remainder when a is divided by 20.
17
Let m(l) = 4*l**2. Let d be m(1). Let o = d - -25. What is the remainder when o is divided by 15*(-2 - -3)/1?
14
Let w(z) be the third derivative of -z**5/60 - z**4/6 - z**3/3 - 4*z**2. What is the remainder when w(-3) is divided by 1?
0
Let r = 14 - 7. Let s(i) = i**2 + 12*i + 5. Calculate the remainder when r is divided by s(-12).
2
Let s = 76 - 35. Suppose -5*a + 0*a = -15. Suppose -a*k - k + 3*x = -s, -4*x = k - 15. Calculate the remainder when 31 is divided by k.
9
Suppose -5*l + l + 288 = 0. What is the remainder when l is divided by 19?
15
Let i(k) = k**2 - 9*k + 6. What is the remainder when 22 is divided by i(9)?
4
Suppose -3*c = -4*c + 1, -3*b + 120 = 3*c. Suppose 2*r = 5*s - 20, 3*s = 4*s - 4*r - 22. Suppose -l = s*l - b. What is the remainder when 38 is divided by l?
12
Let n = 113 + -72. What is the remainder when n is divided by 21?
20
Let s(v) = v**3 - 3*v**2 + 7*v - 5. Let t be s(6). Suppose 2*l = -2*i + 70, -4*l - l = -5*i - t. Let z = -10 + 27. What is the remainder when l is divided by z?
15
Let n = 324 - 167. What is the remainder when n is divided by 32?
29
Let n = 4 - 14. Calculate the remainder when 99 is divided by (-6)/n + 366/15.
24
Let w(v) = 5 + 14*v + 0*v**2 + v**2 - 7*v. Let z(j) = -j**3 + 7*j**2 - 3*j - 6. What is the remainder when w(-9) is divided by z(6)?
11
What is the remainder when 32 is divided by 6/15 + (-332)/(-20)?
15
Suppose -36 = -w + 5*v, -4 = -v - 9. What is the remainder when w is divided by 7?
4
Let i(b) = -b**2 + 2*b - 7. Let h be i(-10). Let j = -77 - h. Calculate the remainder when j is divided by 13.
11
Let c(x) = x**3 + 6*x**2 - 7*x + 3. Let o be c(-7). Suppose -o*r - 2*w = -7*r, r = -2*w - 5. Let q = 4 + r. What is the remainder when 7 is divided by q?
1
Suppose -39 = -5*d + 16. Calculate the remainder when 19 is divided by d.
8
Let m(y) = -y + 5. Calculate the remainder when 5 is divided by m(3).
1
Let j = 8 + -3. Suppose -6 = -j*r + 2*r. What is the remainder when 20 is divided by r + -1*2 - -7?
6
Suppose -5*a = -103 + 13. Suppose -3*y = -3*w - 10 - 5, 4*y + 3*w = 20. What is the remainder when a is divided by y?
3
Let m(z) = z**3 + 4*z**2 - 10*z - 9. What is the remainder when 30 is divided by m(-5)?
14
Suppose 0 = -12*r + 7*r + 400. Suppose -3*o = o - r. What is the remainder when 59 is divided by o?
19
Let x = 3 - -1. Let u(b) = 2*b - 6. Let z be u(6). Suppose 3*o = z, o + 5 = -x*j + 35. Calculate the remainder when 12 is divided by j.
5
Let t(l) = 0*l**2 + 2*l - 2*l + 5*l + l**2. Calculate the remainder when t(-9) is divided by 19.
17
Let l = 18 + -15. Suppose l*i - 10 = 5. Let v = 12 + 1. Calculate the remainder when v is divided by i.
3
Let v(b) be the second derivative of b**5/20 - b**4/12 + 2*b**3/3 + 3*b**2/2 + 5*b. Calculate the remainder when v(4) is divided by 14.
11
Suppose 5*h - 49 = 1. What is the remainder when h is divided by 3?
1
Let g = -6 + 6. Suppose l - 3*l + 4 = g. Let m(h) = h - 2. What is the remainder when m(6) is divided by l?
0
Let q = 4 + -2. Suppose 0*z - 10*z = -280. What is the remainder when z is divided by (0 + -15)*(-2)/q?
13
Let h be (48/9)/((-2)/(-18)). Let x = -18 + h. Suppose 6 - x = -2*g. What is the remainder when 23 is divided by g?
11
Let r(t) = -t + 8. Let x be r(2). Suppose -16 = -4*d + 4*p, -x*d - 4*p + 40 = -2*d. What is the remainder when 17 is divided by d?
3
Suppose 4*q - 20 = -q. Suppose 3*s + 60 = -2*s. Let f = s - -14. Calculate the remainder when q is divided by f.
0
Suppose -3*k - 5*q = -85, -3*k + 57 + 60 = -3*q. Suppose k - 2 = 3*m. Calculate the remainder when m is divided by 4.
3
Let w = 29 + 6. What is the remainder when w is divided by 8?
3
Let y = 50 - 0. Let q = -35 + y. What is the remainder when 29 is divided by q?
14
Suppose -v - 5*x + 23 = -6*x, -v - 5*x + 47 = 0. Calculate the remainder when 50 is divided by v.
23
Let r = 300 + -176. Suppose -r = -f - 3*f. What is the remainder when f is divided by 8?
7
Let g be 9/15 - (-46)/(-10). Calculate the remainder when 19 is divided by (-39)/g - 2/(-8).
9
Let g = 87 - 48. Calculate the remainder when g is divided by ((-2)/(-1))/(2/14).
11
What is the remainder when 1*(168 + 5 + -1) is divided by 25?
22
Suppose -2*g + 0*g + 8 = 0. Let p(q) = -q - 2. Let h be p(-5). Suppose h*f - g*f + 2 = 0. What is the remainder when 4 is divided by f?
0
Suppose -3*n + 16 + 2 = 0. Suppose -5*i - 9 - n = 0, 2*i = 5*g - 91. What is the remainder when g is divided by 10?
7
Let q(v) = -6*v - 5. Let s be (-4)/(-6)*-3 + -4. Suppose -2*j = -5*u - 2, 3*j + 2*u - 29 = 3*u. Calculate the remainder when q(s) is divided by j.
9
Let v = 102 - 73. Let r(h) = -h**3 - 7*h**2 - 3*h + 3. Let s be r(-6). Let f = s - -25. What is